
-234034114
-148423 (base 9) to base 4
-112111032
What is 256570 (base 8) in base 3?
11112201111
Convert -14323233 (base 5) to base 4.
-211002031
-893141 (base 12) to base 7
-24360301
30023021 (base 5) to base 4
321213223
Convert -104120014 (base 6) to base 3.
-10112100020101
10111101011100100001 (base 2) to base 3
1110102102121
Convert 301223222 (base 4) to base 14.
54238
What is -413441 (base 6) in base 15?
-9c97
Convert 246441 (base 8) to base 14.
23117
Convert 13192a (base 11) to base 13.
7354b
Convert -42433020 (base 5) to base 12.
-15357a
Convert -2111030312 (base 4) to base 11.
-38816a
Convert 112033404 (base 5) to base 12.
20286a
-1110110110110101 (base 2) to base 8
-166665
What is -647052 (base 9) in base 8?
-1361230
What is 158a8 (base 11) in base 6?
251342
Convert -7472762 (base 8) to base 12.
-803302
Convert 2b136 (base 12) to base 16.
ecfa
Convert -4918362 (base 10) to base 8.
-22606132
2304341 (base 6) to base 13
41710
Convert 107d6 (base 16) to base 3.
10102122120
What is 1001001000111000000 (base 2) in base 14?
7b1ba
13303133120 (base 4) to base 8
7633730
101413 (base 8) to base 6
415151
Convert 34a602 (base 11) to base 4.
2013223223
What is -be3 (base 16) in base 15?
-d7d
-499d1 (base 15) to base 13
-83014
12222121202 (base 3) to base 14
30d1b
Convert -37175 (base 10) to base 3.
-1212222212
-26427 (base 15) to base 7
-1016650
What is 1201520 (base 8) in base 6?
11012544
Convert 613486 (base 9) to base 10.
363444
Convert 16000336 (base 7) to base 14.
2bb61d
-2354005 (base 6) to base 12
-5b905
Convert -2776216 (base 10) to base 16.
-2a5c98
What is -1456468 (base 9) in base 10?
-805202
-6135c (base 14) to base 8
-710666
Convert 11031552 (base 6) to base 11.
206686
Convert -bd7ce7 (base 16) to base 8.
-57276347
Convert -12000220210 (base 3) to base 5.
-11132314
What is -1a7384 (base 13) in base 2?
-10100100010010000001
-2734328 (base 9) to base 3
-2211011100222
What is -10134415 (base 6) in base 16?
-4770b
Convert -6255a (base 13) to base 4.
-223020220
-2013233311 (base 4) to base 13
-16610b
What is b7eb (base 15) in base 6?
500105
What is 2201220223 (base 5) in base 8?
21760440
-13400103 (base 5) to base 9
-228578
-39b01c (base 13) to base 11
-8731a1
Convert -1001001101100110011 (base 2) to base 4.
-1021230303
What is -3256025 (base 9) in base 3?
-10021220000212
22003323023 (base 4) to base 11
1541671
Convert 31a571 (base 12) to base 6.
24455421
What is -120114101 (base 6) in base 3?
-11020021200101
What is -96a32 (base 11) in base 4?
-202123020
Convert -207955 (base 10) to base 13.
-73867
Convert 10011001111100101101000 (base 2) to base 10.
5044584
What is 1872238 (base 9) in base 4?
10000230113
What is -314b35 (base 12) in base 8?
-2753131
Convert -218186 (base 10) to base 9.
-362258
Convert 34403457 (base 8) to base 9.
15048850
Convert 211010213 (base 4) to base 2.
100101000100100111
Convert 515863 (base 10) to base 8.
1757427
Convert 102664531 (base 7) to base 10.
6116986
What is aa935 (base 11) in base 12?
790bb
What is -100111001110101100001 (base 2) in base 16?
-139d61
2223138 (base 9) to base 11
747971
Convert 20211012000012 (base 3) to base 4.
31311011222
Convert 200121111021 (base 3) to base 9.
617437
Convert 1020252 (base 6) to base 14.
13db2
What is -6312673 (base 8) in base 16?
-1995bb
Convert 148896 (base 13) to base 7.
4201050
What is -26505245 (base 8) in base 14?
-b06621
Convert 22908b7 (base 13) to base 7.
156364266
-abb9a (base 12) to base 2
-110111101011100110
-62a3b6 (base 15) to base 4
-101321202000
What is -3be702 (base 16) in base 12?
-1393a2a
What is -2061a (base 12) in base 5?
-2323413
102102121300 (base 4) to base 13
cbb08a
Convert -2002110002212 (base 3) to base 11.
-699847
Convert 43342110 (base 5) to base 11.
234155
What is -738c00 (base 14) in base 15?
-521c80
Convert -3319232 (base 10) to base 6.
-155050452
20101011 (base 3) to base 12
2834
Convert -113042314 (base 5) to base 16.
-7e93b
What is -7ddeeb (base 15) in base 5?
-3020132441
What is -16476 (base 9) in base 5?
-330303
What is 6602236 (base 7) in base 12?
32b3b7
Convert -424304342 (base 6) to base 12.
-26120b2
What is -4225764 (base 9) in base 8?
-10500406
Convert 1131321001 (base 4) to base 14.
a021b
141848 (base 12) to base 5
41202322
Convert 61a50 (base 11) to base 8.
260512
What is -344520 (base 7) in base 15?
-13406
What is 12976 (base 11) in base 15?
571a
4355205 (base 6) to base 5
23430324
1113020000 (base 4) to base 6
11352052
What is 20011112102 (base 3) in base 14?
32359
What is 1022222031 (base 4) in base 10?
305805
Convert -100000000111100000 (base 2) to base 13.
-47b55
-10001000101000 (base 2) to base 12
-5088
Convert -14d0e24 (base 15) to base 2.
-111001100011111100011010
Convert 3625403 (base 7) to base 15.
916a5
What is -8054e5 (base 15) in base 9?
-12416008
What is 2130133103 (base 4) in base 3?
1012120020222
Convert 238444b (base 13) to base 3.
202201010201120
What is -100010110001001000100111 (base 2) in base 10?
-9114151
What is -120130455 (base 7) in base 9?
-14883410
Convert 4041040 (base 6) to base 10.
192048
Convert -ac34ca (base 13) to base 4.
-33133331313
Convert 10100001100000100100 (base 2) to base 15.
d102a
Convert -215110432 (base 6) to base 3.
-21022012200002
Convert 35025 (base 6) to base 8.
11571
76751 (base 12) to base 8
461655
What is 1002201112 (base 3) in base 2?
101010010100100
1104a89 (base 12) to base 13
8972c7
Convert a82a94 (base 14) to base 12.
1aa678a
-107652 (base 16) to base 12
-440416
What is 10858720 (base 9) in base 2?
10100001100100111110111
What is 143333022 (base 5) in base 14?
15b7c9
What is -638c5 (base 14) in base 11?
-154739
1097a9 (base 12) to base 9
444203
Convert -1a4102 (base 11) to base 10.
-312908
-1b0a00b (base 13) to base 9
-17724710
-7723cb (base 15) to base 11
-322874a
-103580 (base 10) to base 4
-121102130
What is 220155231 (base 6) in base 5?
2001401111
Convert 68ac9 (base 13) to base 15.
3b7ec
-88e72 (base 15) to base 12
-18ba75
Convert -2111130 (base 4) to base 12.
-5650
Convert 8d2a5 (base 15) to base 4.
1231233020
What is -8427573 (base 9) in base 4?
-101030030310
What is 18595b (base 14) in base 12?
356125
237195 (base 10) to base 15
4a430
-12130320333 (base 4) to base 16
-19ce3f
What is -4762554 (base 8) in base 10?
-1303916
What is 235973 (base 11) in base 6?
12002441
Convert 203440340 (base 5) to base 3.
1120211200101
What is -4205b9 (base 13) in base 10?
-1543291
What is 36aa50 (base 11) in base 9?
1082227
-1023023233 (base 4) to base 3
-120122102121
What is 8d91c (base 15) in base 6?
13355343
What is -737562 (base 9) in base 13?
-124829
bb069 (base 14) to base 13
12b17b
1330021423 (base 5) to base 8
14644137
Convert -3431020 (base 6) to base 10.
-175188
Convert 10100000101110111 (base 2) to base 12.
3b75b
What is -210245 (base 12) in base 14?
-d708d
What is cd7d2e (base 15) in base 12?
334582b
What is -2002120201 (base 3) in base 16?
-a120
-1d5bdd (base 15) to base 10
-1437058
162853 (base 12) to base 7
3132543
4ce0d2 (base 15) to base 4
32011132133
What is 43453424 (base 6) in base 5?
313014404
What is 1313322123 (base 4) in base 12?
1b82a3
-12022010021020 (base 3) to base 16
-2afc1b
Convert 27bc4 (base 13) to base 5.
4341040
Convert 1330521 (base 8) to base 11.
235328
What is -666421 (base 7) in base 2?
-11100101100001101
212012022112120 (base 3) to base 15
1137a23
50618 (base 11) to base 5
4331300
-121110011222 (base 3) to base 8
-1170342
What is -1b5fd3 (base 16) in base 5?
-424402003
Convert -145a7 (base 13) to base 15.
-b556
-123366 (base 9) to base 13
-27ca2
Convert 707463 (base 13) to base 5.
1132141222
3567660 (base 12) to base 13
21b02aa
20440441 (base 5) to base 9
281062
11001101010011010000 (base 2) to base 15
11925c
1100100110110000110111 (base 2) to base 15
4541a3
Convert 11045154 (base 7) to base 14.
1ab22b
Convert -17e54 (base 15) to base 5.
-4434404
-8c4a1 (base 16) to base 4
-2030102201
Convert 2232 (base 15) to base 14.
28d9
Convert 29b05 (base 13) to base 15.
18509
What is -421114111 (base 5) in base 16?
-1a87a0
What is -130120124 (base 5) in base 2?
-10011001101010100110
Convert 100220101110220 (base 3) to base 16.
504e97
110001211200102 (base 3) to base 7
105341165
What is -7aa2b5 (base 14) in base 10?
-4176919
What is -6237447 (base 8) 